 j(-9). Let z(o) = -12*o + 54. Let q be z(u). Calculate the highest common factor of 288 and q.
18
Let k(u) be the second derivative of 1/2*u**2 + 0 - 7/3*u**3 + 17*u. Let w be k(-1). What is the highest common divisor of 60 and w?
15
Let f(o) = 6*o**3 + 2*o - 1. Let q be f(2). Let g(z) = -1807*z - 10179. Let p be g(-6). Calculate the greatest common divisor of p and q.
51
Let v be (4 - 6) + -1 - (0 + 0). Let j be v/(2 + 1) + 204 + 1. Calculate the greatest common divisor of j and 17.
17
Suppose -394*d - 172546 = -1076*d. Suppose 3*t + 165 = 8*t. Calculate the greatest common divisor of t and d.
11
Let y(z) = -2*z**2 - 6*z + 5. Let o be y(-5). Suppose -569 + 281 = -16*u. Let i = u + o. What is the greatest common divisor of 12 and i?
3
Suppose -3*h - 1175 = 2*g - 0*h, -2*h = 2*g + 1180. Let r = 633 + g. What is the greatest common divisor of 6 and r?
2
Suppose 280*o + 525 = 285*o. Let b be (13 - (1 + 1)) + 3 - -1. What is the greatest common divisor of b and o?
15
Let z = 56 - 23. Suppose -6*k + 25 = -k, z = 4*o + 5*k. Suppose -y = 5*q - 5 - 30, 4*q + o*y = 34. Calculate the greatest common factor of 4 and q.
2
Let a be ((-10)/28*-8)/((-87)/(-609)). Let d = 2362 - 1222. What is the highest common factor of a and d?
20
Suppose 75*k - 76*k - 4004 = -183*k. Calculate the greatest common factor of k and 20438.
22
Let w(m) = -m**3 - 37*m**2 - 229*m - 14. Let s be w(-7). What is the highest common divisor of 4267 and s?
17
Let a = -888 + 386. Let i = 632 + a. What is the highest common factor of 40 and i?
10
Suppose -6 = 3*h - 5*h. Suppose -5*w + 5*f + 200 = 0, 4*w = h*w - 2*f + 55. Suppose 139*o - 64 = 631. What is the highest common divisor of o and w?
5
Let z be 1/3 + (-779)/(-3). Suppose 8*p - 4*v = 3*p + z, 5*p + 4*v = 220. Calculate the greatest common factor of p and 60.
12
Let x = 98127 - 96965. Let h(n) = 6*n - 4. Let m be h(3). What is the greatest common factor of x and m?
14
Let w(t) = 5*t - 115. Suppose -2*i - 292 + 342 = 0. Let g be w(i). Let z(y) = 2*y**2 - 2*y - 2. Let n be z(3). What is the highest common factor of n and g?
10
Suppose -3*r + 4*u = -0*r - 2503, -3*r + u = -2509. What is the greatest common divisor of 341 and r?
31
Suppose 0 = -2*a - 3*a + 215. Let s(n) = 2*n**2 + 4*n + 76. Let i be 212/(-159) + (-20)/3. Let x be s(i). Calculate the highest common factor of a and x.
43
Let n be -7*(-2)/(-84) + (-145)/(-6). Suppose n*p - 28*p + 60 = -2*g, -5*p = 4*g - 62. What is the highest common divisor of 126 and p?
14
Suppose 0 = -25*g + 16*g + 288. Suppose -3*i + 399 = 4*f, -5*f + 4*f - 2*i + 106 = 0. What is the greatest common divisor of g and f?
32
Let y = 19315 - 18919. What is the greatest common divisor of y and 126?
18
Let k(w) be the second derivative of 0 + 3*w**2 + 12*w + 1/6*w**3. Let o be k(-3). What is the highest common divisor of 36 and o?
3
Let s(o) = 6*o**3 + 22*o**2 + 7*o - 16. Let z be s(-7). Let t be (2 + 0)*z/88*-4. Calculate the highest common divisor of t and 2185.
95
Let t be (-2646)/45 - 2/10. Let q = t + 134. What is the greatest common divisor of q and 45?
15
Let f(t) = -27*t + 1. Let j be f(11). Let k = j - -499. Calculate the highest common divisor of k and 29.
29
Suppose 5*l = 1462 - 437. Suppose 69*r = 74*r - l. What is the highest common divisor of r and 41?
41
Let r(q) = -25*q. Let x be r(-3). Suppose -2*f - 24974 = -26624. What is the greatest common factor of f and x?
75
Let f = -317 + 322. Let j(u) = u**2 - 14*u + 69. Let m be j(f). Calculate the greatest common divisor of m and 300.
12
Let t be (1/(-2) + 1)/((-14 + 4)/(-180)). What is the greatest common divisor of 4041 and t?
9
Suppose 245672 = -66*s + 655004. Calculate the greatest common divisor of 14 and s.
14
Suppose -32*q + 12*q - 280 = 0. Let l(i) = -i**3 - 11*i**2 + 37*i - 7. Let a be l(q). What is the greatest common divisor of a and 231?
21
Let u(b) = -b + 48. Let j(y) = y - 1. Let w = 29 + -23. Let n(t) = w*j(t) - u(t). Let d be n(8). What is the greatest common divisor of d and 2?
2
Suppose 0*a - a - 57 = -3*y, -3*a + 9 = 0. Let d be 3*1*(-5983)/93. Let c = d - -203. Calculate the greatest common factor of y and c.
10
Let b be 100/(-8)*4/(-5). Let h = -133 - -33. Let u be (h/4)/((-1)/4). What is the greatest common divisor of b and u?
10
Let i(y) = -34*y**3 + 3*y**2 + 3*y - 11. Let g be i(-6). What is the highest common factor of 13 and g?
13
Let f be (7 - (-230)/(-30))*-48. Suppose 0 = f*g - 652 + 108. What is the greatest common divisor of 323 and g?
17
Let o be 2/(-13) - ((-4460)/260 + 1/1). Calculate the greatest common factor of o and 13968.
16
Let i = 13248 - 13220. What is the greatest common factor of 217 and i?
7
Suppose 4*f + 265 - 289 = 0. Suppose -407 = -2*o - 3*p - f, 3*p + 1055 = 5*o. What is the highest common divisor of o and 13?
13
Suppose 237*q - 116532 = 159*q. What is the greatest common divisor of 18 and q?
18
Let l = -459 - -463. Let k be (110/l)/(((-12)/4)/(-30)). Calculate the highest common factor of k and 5.
5
Suppose -3*o + 13 = -5, -3*v - 2*o = -4041. Calculate the greatest common factor of 711 and v.
79
Suppose -4*f - 5002 = -5722. Calculate the highest common divisor of f and 6012.
36
Let t(q) = -3*q**3 - 5*q**2 - 23*q + 3. Let w be t(-8). What is the greatest common factor of 488 and w?
61
Let z(y) = -y**3 - 4*y**2 - 9*y - 12. Let g be z(-9). Let w be g/9 - (-2)/(-3). What is the greatest common divisor of 52 and w?
52
Suppose -c + 720 = 4*c. Let j(y) = -161*y**3 + 4*y**2 + y - 2. Let t be j(-1). Let v be t/10 + (-1)/5. Calculate the greatest common factor of c and v.
16
Let j(n) = n**3 + 23*n**2 - 11*n - 378. Let q be j(-22). Calculate the highest common divisor of q and 300.
12
Let s be ((-644)/21)/((-12)/9). What is the highest common divisor of 5382 and s?
23
Let w = -4139 + 4197. What is the highest common divisor of 145 and w?
29
Suppose -69*z = -135*z - 99*z + 49500. Calculate the greatest common divisor of z and 5900.
100
Let p be (-496)/(-16)*((-26)/78)/((-2)/426). Calculate the highest common divisor of 496 and p.
31
Let a be (-3)/(2/((-12)/2)). Let v(f) = -6*f + 32. Let l be v(5). Let y be 2/1 - ((-86)/l + 0). What is the highest common divisor of y and a?
9
Let j be ((-12)/(-18))/(2/78). Let t(o) = -o**2 - 55*o - 206. Let c be t(-48). Calculate the greatest common factor of j and c.
26
Suppose 0 = -6*p + 8*p + 3*t - 57, 0 = 8*p - 2*t - 354. Calculate the highest common factor of p and 438.
6
Let a = 259 + -90. Suppose -a = -2*q - 5*x, -2*q = 2*q + 3*x - 303. What is the highest common factor of q and 12?
12
Let b(g) = 14*g**3 + 12*g**2 - 15*g + 26. Let k be b(3). What is the highest common divisor of 4 and k?
1
Let g = 63 + 13. Suppose -4*q + g = 92. Let r be (((-4)/(-10))/(q/(-10)))/1. Calculate the greatest common factor of 5 and r.
1
Let i be -6*(-34)/4 - 2. Suppose 491 + 197 = 44*n - 236. What is the greatest common factor of i and n?
7
Let g = -3038 - -3413. Calculate the greatest common factor of g and 225.
75
Suppose -34*q = -29*q - 360. Suppose -61*x = -57*x - q. Calculate the greatest common divisor of x and 198.
18
Suppose 41*s = 40*s + 1968. Let l be (-2 - (-4)/3) + s/36. Let a = 2 + 4. What is the highest common divisor of l and a?
6
Let f = 379 - 254. Let a be 18/63 - 173/(-7). Calculate the highest common divisor of a and f.
25
Let o(q) = q**3 + 52*q**2 + 100*q + 14. Let y be o(-50). What is the greatest common divisor of y and 1610?
14
Let y(h) = 64*h - 2. Let i be y(3). Let p(m) = -7*m**2 + 80*m - 23. Let k be p(11). Calculate the greatest common divisor of k and i.
10
Let m = -5082 - -5118. What is the greatest common factor of m and 108?
36
Let f = 328 - 350. Let v(b) = -5*b - 1. Let m be v(2). Let s = m - f. What is the greatest common divisor of s and 33?
11
Let j be 16/44*(-11605)/(-422). What is the highest common factor of j and 5990?
10
Let t = 216 + -209. Suppose -246 = -t*h + 118. Calculate the greatest common divisor of 91 and h.
13
Suppose 0*t + 72 = 18*t. Suppose t*h - 35*h + 155 = 0. Calculate the highest common divisor of 20 and h.
5
Suppose h - 5*c + 426 = 0, 5*h + c - 408 = -2460. Let j be h/(-9) + ((-8)/(-6))/(-2). Calculate the highest common divisor of j and 180.
45
Let x be (-12 - (-7084)/594) + (-15095)/(-27). Calculate the highest common factor o